g) = 5*k(g) + 2*n(g). What is w(s)?
-14
Suppose -10 + 5 = -26*c - 5. Let b(y) = y**2 - 2*y + 5. Determine b(c).
5
Let i(o) = -o**3 - 18*o**2 - 14*o + 34. Let h be 112/(-32) - (-54)/(-4). Give i(h).
-17
Let r(t) = 2*t + 26. Let s be r(-16). Let o be (225/(-18))/5*s/5. Let l(p) = p**2 - 3*p + 3. Give l(o).
3
Let o(g) = g**3 + 11*g**2 + 20*g + 13. Let s(u) = -2*u**2 + 30*u - 121. Let f be s(8). Calculate o(f).
-5
Suppose -h = j - 50, -h = -5*j + 2*h + 234. Suppose -7*i + j = -i. Let w(f) = f - 10. Calculate w(i).
-2
Suppose -2115 = -80*n + 77*n. Let l(y) = -y + 0*y - 693 + n. Determine l(0).
12
Suppose 192 = 26*v - 16. Let i(y) = -1060 - 1057 + 2114 - y**2 + v*y. Suppose 8*n - 15 = 3*n. Calculate i(n).
12
Suppose 0 = m - 78 + 79. Let j be -11 + m*(5 - 10). Let d(a) = -a - 2. Calculate d(j).
4
Let r(f) = 5628*f**2 - 63*f - 11259*f**2 + 56 + 5628*f**2. Determine r(-22).
-10
Let r(c) be the third derivative of c**4/24 + 7*c**3 + 3339*c**2. Give r(-31).
11
Let m(v) = 2*v**3 - 2. Let g = 482 - 482. Let s be g + ((-55)/35 - 3/7). Calculate m(s).
-18
Let x(s) be the third derivative of s**6/40 + s**5/20 - s**4/4 + s**3/6 + 25*s**2. Let d(y) = y**3 + y**2 - y + 1. Let u(o) = -2*d(o) + x(o). Calculate u(3).
23
Let z(n) = -3*n - 6. Let t be -2 + (-15)/(-3) + (7 - 7). Suppose -t*o = -4*r + 30, 10*r - 6*r - 18 = o. Give z(o).
12
Let y(a) = a - 4. Let g = 13 + -29. Let n = 16 + g. Suppose 0*p - p - 2*i = n, 4 = 2*i. Determine y(p).
-8
Let h be (-43)/(-5) - 2/(-5). Suppose -153 = -6*c + h. Suppose -5*f - c = 3*w - 6*f, -w = -3*f + 17. Let r(n) = -n**2 - 10*n - 12. Calculate r(w).
4
Let n be -2 - 19/(-5) - 2/(-10). Let a(s) be the third derivative of 1/60*s**6 + 0*s - 1/12*s**4 + 0 - 3*s**n + 0*s**3 - 1/30*s**5. Determine a(2).
4
Suppose -8*b + 130 = -262. Let h(n) = -106*n**2 - n + b*n**2 + 48*n**2 - 1 + 1. What is h(1)?
-10
Let f(b) = -95*b - 7 - 13 + 136*b - 67*b + 8. Determine f(-1).
14
Let d(q) be the second derivative of -q**5/20 + 3*q**4/4 - 7*q**3/6 + 5*q**2/2 - 2443*q. What is d(8)?
13
Let b(t) = -2*t**2 - t + 75. Suppose -566*k - 245*k + 146*k = 3990. What is b(k)?
9
Let r = 69 - 34. Suppose 6*n - r = n. Let k(j) = j**2 + 0*j**2 + j + 0 - 2*j - n. Calculate k(0).
-7
Let s(p) = -8 + 1 + 1 - 8*p - 7. Let d(x) = -9*x - 15. Let j(m) = 3*d(m) - 4*s(m). Determine j(6).
37
Let d(q) = 51*q - 3*q**2 - 41*q - 12*q**2 + 10*q**2 - 12 + q**2 + 5*q**2. Suppose 2*h - 7*h = 5*l + 35, 3*l - 23 = h. Give d(h).
-1
Let y(k) = 2*k**2 - 2*k - 1. Let s(n) = -n**2 - 21*n - 58. Let d be s(-14). Let h be (48/d)/((-15)/(-25)). What is y(h)?
3
Let d(s) = -15161*s + 30 + 18 + 15145*s - 14 - 2*s**2. Determine d(-10).
-6
Let l be -2 + (-109)/(-6) - (-185)/222. Suppose -8 = 19*d - l*d. Let n(w) = -2*w**2 + 3*w + 3. Give n(d).
-41
Suppose -4*x = -3*g + 38, -3*x - 19 = g + 2*x. Suppose 0 = -g*q + 26 - 2. Suppose -4 + q = 6*k. Let s(l) = -l**3 + l**2 + l - 11. Determine s(k).
-11
Let b(v) = -v**3 - 5*v**2 - v + 7. Let c(q) = -2*q**2 + 30*q - 31. Let u be c(1). Determine b(u).
-8
Let b(r) = -2*r - 2*r**3 - 6 + r**3 - 59919*r**2 + 59918*r**2. Calculate b(3).
-48
Let k(q) = -q**2 - 10 - 9007*q - 9019*q + 18040*q. What is k(13)?
3
Let k = -18 + 23. Let d be ((-42)/9 - -4)*-3. Let p(j) = -6*j - 77*j**d - 68*j**2 + 146*j**2 - 2. What is p(k)?
-7
Let b(g) be the first derivative of 2*g**3/3 + 2*g - 144. Let i(w) = -4*w**3 + 8*w**2 + 2*w + 11. Let x(n) = 4*b(n) - i(n). Calculate x(-2).
-31
Let j(q) = -q - 21. Let x(r) = -13*r + 10. Let n be x(3). Let h be j(n). Let w(c) = c**2 - 5*c - 11. Calculate w(h).
13
Suppose -2*r + 10 = -0*r, -3*r = 5*h - 680. Let x(i) = -141 + 0*i**2 - i**2 + h. Calculate x(0).
-8
Let g(b) be the second derivative of -b**5/20 - 13*b**4/12 - 3*b**3/2 + 29*b**2/2 - 297*b. Determine g(-12).
-7
Let b(q) be the third derivative of -q**5/60 - q**4/3 - q**3/2 - 11*q**2. Let y be (-27)/((-675)/10)*-20. Determine b(y).
-3
Suppose 5*v - 2 = 8. Let c(s) = 2 + 5*s + s - 8*s**v + 9*s**2. Let w(b) = -b**2 + 24*b + 212. Let q be w(-7). Determine c(q).
-3
Suppose 8*x = -0*x - 384. Let h = x - -42. Let b be h/(-3) + (8 - 5). Let i(a) = -a + 4. Calculate i(b).
-1
Let k(l) = 6*l - 4. Suppose 9*y = 12*y - 9. Suppose 0 = -y*u + 33 - 18. Calculate k(u).
26
Let x = 13610 - 13623. Let s(o) = -38*o - 500. Give s(x).
-6
Let h(p) = 1331*p**2 + 5*p - 15*p - 1332*p**2 - 5. Suppose -1 = -t - 2*l, 0 = -3*t + 6*t + 3*l + 9. What is h(t)?
16
Let f(c) be the second derivative of c**3/3 + 18*c**2 + 1173*c. Calculate f(-7).
22
Let m(p) be the first derivative of -p**2/2 + 16*p - 6733. What is m(-1)?
17
Let q(z) = -9 + 8*z + z - 5*z + 2*z. Let s(y) = 7*y - 5. Let d(h) = 14*h - 11. Let m(a) = -3*d(a) + 5*s(a). Let x(p) = -5*m(p) - 6*q(p). What is x(7)?
7
Let l = -546 + 551. Suppose 2*x - 7 = -l*z + 22, 18 = 2*z + 4*x. Let s(n) = -4 + 4 - n + 4. What is s(z)?
-1
Let w(q) = 53*q**3 - 1003*q**2 - 24*q**3 - 12*q - 28*q**3 - 22 + 1015*q**2. Give w(-13).
-35
Let k(s) be the first derivative of 0*s - 1/24*s**4 + 0*s**2 - 7/180*s**6 - 1/60*s**5 - 14*s**3 + 19. Let z(b) be the third derivative of k(b). What is z(-1)?
-13
Let z be -1 + -4 - (-11 + 1). Let s(t) = 6*t - 30. Determine s(z).
0
Let l(u) = 151*u**3 + 151*u**3 - 301*u**3 - 8*u - 9 + 66*u**2 - 68*u**2. What is l(5)?
26
Let h(r) = -3*r - 9. Let d = -163 + 165. Suppose 9 = -2*x + d*n + 3, 2*x + 10 = n. Determine h(x).
12
Suppose -q = 266*h - 265*h + 5, 5*q = -2*h + 5. Let k(y) = -y - 1. Let r(j) = -3*j - 2. Let a(n) = 6*k(n) - 3*r(n). Calculate a(h).
-30
Let j(m) = 7*m**2 + m. Let l = 57 + -61. Let a = 2 + l. Let n be ((-4)/a)/(0 - 2). What is j(n)?
6
Let w(n) = -2*n**2 - 323*n**3 + 11*n - 327*n**3 - 3*n + 649*n**3. Let u be -12*(-3)/(-4 - 5). Give w(u).
0
Let s(r) = -r**3 - 4*r**2 + 2*r + 4. Let t be s(-4). Let g(q) = 98 - 374 - 9*q + 87 + 89 + 97 + 6*q. Calculate g(t).
9
Let v(c) be the first derivative of 5/24*c**4 - 19 + 1/6*c**3 + 0*c + 13/2*c**2. Let q(m) be the second derivative of v(m). Give q(-3).
-14
Suppose -4*c + 1057 = 3*z, -4 - 269 = -c + z. Let w = c + -270. Let n(q) = -2*q - 1. Let v(a) = -3*a - 1. Let o(d) = 4*n(d) - 3*v(d). Determine o(w).
-3
Let v be (-8)/(-6)*162/36. Suppose 5*f = -5*q - 0*q + 10, -f + 3*q = -v. Let z(j) = -4 + 0*j + j - j**f + 5*j - 2*j**2 - 3*j. Calculate z(-3).
-4
Let c(p) = -25*p + 23. Let x(u) = 10*u - 9. Let l(b) = 3*c(b) + 8*x(b). What is l(-4)?
-23
Let d(x) = x + 15. Let y be d(-13). Let s be 2/y - (-10 - -1). Let t(n) be the first derivative of -n**2/2 + 11*n + 63. Give t(s).
1
Let m(a) be the second derivative of a**5/20 - a**4/3 - a**3/6 + 2*a**2 + a. Let i = 2479 - 2476. What is m(i)?
-8
Suppose -4*b + 252 - 244 = 0. Let g(m) = -6 + m - 59*m**b + 6*m + 58*m**2. Calculate g(4).
6
Let n(i) = -44*i + 42*i + 6 - 2*i**2 + 4 + 4 + 0. What is n(-5)?
-26
Let v(f) = -f**3 + 3*f**2 + 2*f - 1. Suppose 117*p - 293 + 41 = 99. What is v(p)?
5
Let z(u) = 3*u**3 + 15*u**2 - 41*u - 8. Let r(s) = -2*s**3 - 14*s**2 + 33*s + 9. Let m(j) = -4*r(j) - 3*z(j). Let x be 10/(-15)*(-15 - 0). Calculate m(x).
-2
Let h(d) = d + 1. Let j(v) = 2*v + 15. Let t(z) = -3*h(z) + j(z). Let i be t(10). Let m(g) = -5*g - g**3 - i*g - 4 + 5*g + 4*g + 4*g**2. Give m(3).
11
Suppose 3*q - 8*q - 545 = 0. Let j = q + 108. Let g(t) = -4 + 3 - 2*t**2 + 2 - t**3. Determine g(j).
0
Let w(m) be the third derivative of m**4/4 + m**3/2 + m**2. Suppose 0 = 11*u - 4*u - 238. Let z be 3445/(-1105) - ((-4)/u + 0). Determine w(z).
-15
Let t(r) = -r - 30. Let d be t(-9). Let w(l) = 5*l + 69. Let y be w(d). Let x be 20/(-6)*y/(-30) + 4. Let g(u) = u**3 - u + 8. Calculate g(x).
8
Let i = -3 + 3. Let u be i*2/8*2. Let q(a) be the second derivative of -a**3/6 + 3*a + 1. Determine q(u).
0
Let p(c) = -c + 1. Let z(b) be the third derivative of b**4/8 - b**3/2 + 6*b**2. Let w be (-6*1/9)/(2/(-3)). Let u(h) = w*z(h) + 5*p(h). Calculate u(-6).
14
Let k(d) = 10*d**3 + d**2 + 2*d + 1. Let n(i) = i**3 + 24*i**2 - 50*i + 53. Let q be n(-26). Let o be (-3 - -9) + 1*-8 + q. Calculate k(o).
-10
Let p(o) = -2*o**3 + 33*o**2 - 28*o + 766. Let j be p(17). Let g(a) = 50*a - 6. Give g(j).
44
Let z(b) = 2*b**3 + 4*b**2 - b + 6. Let q(f) = -12*f**3 - 17*f**2 + 5*f - 27. Let w(x) = 2*q(x) + 9*z(x). Suppose 5*r - 3*u + 21 - 1 = 0, 4*u = 20. Give w(r).
7
Let j(t) be the first derivative of